he hundreds digit of 1440443?
4
What is the tens digit of 903984?
8
What is the tens digit of 1745692?
9
What is the ten millions digit of 26886601?
2
What is the units digit of 926637?
7
What is the tens digit of 1030792?
9
What is the hundreds digit of 22540213?
2
What is the ten thousands digit of 748433?
4
What is the hundred thousands digit of 179739?
1
What is the tens digit of 1602178?
7
What is the millions digit of 4890762?
4
What is the units digit of 1224827?
7
What is the hundreds digit of 2882393?
3
What is the units digit of 89963?
3
What is the thousands digit of 9532896?
2
What is the millions digit of 2076064?
2
What is the ten millions digit of 12316209?
1
What is the tens digit of 663350?
5
What is the thousands digit of 20359603?
9
What is the tens digit of 26231288?
8
What is the hundreds digit of 424348?
3
What is the tens digit of 654571?
7
What is the thousands digit of 102661?
2
What is the units digit of 1193082?
2
What is the ten thousands digit of 4272000?
7
What is the hundred thousands digit of 8963646?
9
What is the units digit of 69817?
7
What is the hundred thousands digit of 317619?
3
What is the millions digit of 1727572?
1
What is the thousands digit of 3769366?
9
What is the millions digit of 7288567?
7
What is the hundreds digit of 165349?
3
What is the units digit of 157474?
4
What is the units digit of 3338780?
0
What is the thousands digit of 328448?
8
What is the ten thousands digit of 15587295?
8
What is the units digit of 2618066?
6
What is the units digit of 9638559?
9
What is the hundreds digit of 144762?
7
What is the ten thousands digit of 1833700?
3
What is the thousands digit of 14051187?
1
What is the hundreds digit of 114059?
0
What is the tens digit of 794769?
6
What is the hundreds digit of 810342?
3
What is the ten thousands digit of 142007?
4
What is the hundreds digit of 15098473?
4
What is the tens digit of 1343725?
2
What is the tens digit of 20871321?
2
What is the tens digit of 476343?
4
What is the thousands digit of 489877?
9
What is the hundred thousands digit of 2523135?
5
What is the tens digit of 2905049?
4
What is the thousands digit of 67732?
7
What is the thousands digit of 693758?
3
What is the tens digit of 113710?
1
What is the tens digit of 1772457?
5
What is the ten millions digit of 11983915?
1
What is the units digit of 603547?
7
What is the ten thousands digit of 8760430?
6
What is the units digit of 15509423?
3
What is the millions digit of 16242308?
6
What is the units digit of 281821?
1
What is the ten millions digit of 21898474?
2
What is the units digit of 187790?
0
What is the hundred thousands digit of 266712?
2
What is the hundreds digit of 13610627?
6
What is the units digit of 1845506?
6
What is the ten thousands digit of 222388?
2
What is the hundreds digit of 892744?
7
What is the units digit of 46365?
5
What is the units digit of 137259?
9
What is the ten thousands digit of 49239?
4
What is the tens digit of 342201?
0
What is the thousands digit of 648719?
8
What is the units digit of 6307938?
8
What is the millions digit of 1049703?
1
What is the millions digit of 6317021?
6
What is the millions digit of 4321339?
4
What is the tens digit of 7642416?
1
What is the millions digit of 2451995?
2
What is the ten thousands digit of 459555?
5
What is the units digit of 1675235?
5
What is the units digit of 4180054?
4
What is the hundred thousands digit of 1340311?
3
What is the tens digit of 8176?
7
What is the hundred thousands digit of 791942?
7
What is the ten millions digit of 15449984?
1
What is the units digit of 118697?
7
What is the tens digit of 6213411?
1
What is the thousands digit of 2934847?
4
What is the tens digit of 305916?
1
What is the tens digit of 234541?
4
What is the hundreds digit of 460647?
6
What is the units digit of 25363576?
6
What is the tens digit of 7186952?
5
What is the hundreds digit of 371348?
3
What is the hundred thousands digit of 105712?
1
What is the hundreds digit of 1771895?
8
What is the tens digit of 267009?
0
What is the units digit of 15408872?
2
What is the hundred thousands digit of 335366?
3
What is the tens digit of 1412521?
2
What is the hundreds digit of 282343?
3
What is the units digit of 1477255?
5
What is the units digit of 13523600?
0
What is the tens digit of 6386800?
0
What is the thousands digit of 137667?
7
What is the thousands digit of 246557?
6
What is the millions digit of 1603853?
1
What is the tens digit of 421928?
2
What is the tens digit of 6804764?
6
What is the tens digit of 147729?
2
What is the ten thousands digit of 88875?
8
What is the hundred thousands digit of 1411634?
4
What is the hundred thousands digit of 1835755?
8
What is the ten thousands digit of 71513?
7
What is the thousands digit of 5780016?
0
What is the thousands digit of 6123156?
3
What is the units digit of 1820294?
4
What is the units digit of 902214?
4
What is the tens digit of 268611?
1
What is the millions digit of 2243537?
2
What is the hundred thousands digit of 2010559?
0
What is the ten thousands digit of 17894504?
9
What is the tens digit of 143254?
5
What is the ten thousands digit of 592022?
9
What is the hundreds digit of 2007444?
4
What is the units digit of 3323134?
4
What is the ten thousands digit of 5009383?
0
What is the tens digit of 29348460?
6
What is the tens digit of 35597?
9
What is the units digit of 22110307?
7
What is the units digit of 535337?
7
What is the hundreds digit of 189526?
5
What is the ten thousands digit of 103154?
0
What is the hundred thousands digit of 186126?
1
What is the units digit of 3837611?
1
What is the units digit of 3349616?
6
What is the ten thousands digit of 317002?
1
What is the units digit of 164425?
5
What is the millions digit of 6747116?
6
What is the units digit of 45289906?
6
What is the tens digit of 22391658?
5
What is the tens digit of 6750101?
0
What is the ten thousands digit of 17671599?
7
What is the thousands digit of 1014718?
4
What is the tens digit of 3004125?
2
What is the hundreds digit of 411373?
3
What is the millions digit of 3200638?
3
What is the units digit of 1860063?
3
What is the millions digit of 7247444?
7
What is the hundred thousands digit of 4563331?
5
What is the hundred thousands digit of 6885011?
8
What is the hundreds digit of 2674494?
4
What is the ten thousands digit of 613245?
1
What is the hundred thousands digit of 1615876?
6
What is the hundreds digit of 9476190?
1
What is the tens digit of 4409944?
4
What is the units digit of 187757?
7
What is the hundred thousands digit of 951442?
9
What is the thousands digit of 6764761?
4
What is the units digit of 2475899?
9
What is the hundreds digit of 140894?
8
What is the hundred thousands digit of 20391980?
3
What is the hundred thousands digit of 712691?
7
What is the thousands digit of 4114347?
4
What is the hundreds digit of 19777703?
7
What is the ten thousands digit of 246305?
4
What is the thousands digit of 8542210?
2
What is the hundred thousands digit of 14373121?
3
What is the hundreds digit of 3426410?
4
What is the tens digit of 11352834?
3
What is the tens digit of 3079940?
4
What is the units digit of 2871776?
6
What is the hundred thousands digit of 241374?
2
What is the hundreds digit of 894745?
7
What is the ten thousands digit of 193337?
9
What is the hundred thousands digit of 7640709?
6
What is the hundred thousands digit of 6098785?
0
What is the hundreds digit of 3006450?
4
What is the hundred thousands digit of 19673810?
6
What is the ten millions digit of 21860382?
2
What is the tens digit of 23089347?
4
What is the hundreds digit of 7963007?
0
What is the millions digit of 5617332?
5
What is the units digit of 342786?
6
What is the hundreds digit of 2771256?
2
What is the hundred thousands digit of 2460674?
4
What is the tens digit of 2300417?
1
What is the units digit of 26019131?
1
What is the thousands digit of 456434?
6
What is the thousands digit of 768504?
8
What is the hundred thousands digit of 978262?
9
What is the thousands digit of 2104439?
4
What is the thousands digit of 1889605?
9
What is the ten thousands digit of 6356728?
5
What is the thousands digit of 2492064?
2
What is the units digit of 1039861?
1
What is the hundred thousands 